is -42e81 (base 15) in base 10?
-212521
What is 21022002 (base 5) in base 9?
283741
-103121323003 (base 4) to base 6
-301010311
Convert -6016417 (base 9) to base 15.
-4331d1
2176124 (base 8) to base 13
17806a
Convert 5371759 (base 11) to base 14.
137c43d
What is 167331 (base 8) in base 14?
183d7
Convert -26433161 (base 9) to base 2.
-110001101000111100110010
Convert -52abb3 (base 12) to base 8.
-4764067
60274222 (base 8) to base 10
12679314
What is 1ba937 (base 13) in base 6?
23110225
What is -12911a (base 15) in base 16?
-d9972
-1220414 (base 8) to base 6
-11112112
-212320104 (base 6) to base 2
-1110010101100101101000
What is 3213615 (base 7) in base 2?
1011111010010011001
What is 20630765 (base 8) in base 5?
2111404301
Convert 1213025 (base 8) to base 5.
41131313
-1100012112 (base 3) to base 15
-7c48
122221022 (base 3) to base 16
3314
Convert 635a9a (base 13) to base 9.
4335004
Convert 21210023313 (base 4) to base 16.
2642f7
What is 677591 (base 13) in base 12?
99a44b
Convert -102011012021001 (base 3) to base 6.
-331022214
Convert 1011101001101100101010 (base 2) to base 16.
2e9b2a
What is a451a0 (base 12) in base 6?
131145120
-112333113113 (base 4) to base 9
-12305075
What is 10404120 (base 5) in base 9?
148038
2279244 (base 13) to base 14
15a4cb0
What is -12122222110 (base 3) in base 2?
-11011001110100010
What is -408c90 (base 15) in base 12?
-103b0b3
Convert -bcba0 (base 14) to base 11.
-292a52
What is 655651 (base 7) in base 13?
403ab
What is -144080 (base 14) in base 6?
-23020400
62503 (base 9) to base 3
2002120010
Convert -12424230 (base 5) to base 12.
-5b6b6
-58075 (base 12) to base 10
-117593
Convert -11438b9 (base 12) to base 6.
-155125553
What is -15a531 (base 11) in base 8?
-744615
Convert -1030020020 (base 5) to base 12.
-896788
-37104 (base 11) to base 9
-81174
13776534 (base 8) to base 10
3145052
What is -524422 (base 6) in base 14?
-116b4
3276432 (base 9) to base 5
422404300
What is -3453442 (base 6) in base 10?
-178370
301224342 (base 5) to base 16
123e4d
-12a30a9 (base 11) to base 14
-425bcd
What is 41914 (base 15) in base 13?
7383a
-31142505 (base 6) to base 11
-56523a
What is 8767674 (base 9) in base 6?
244541021
104416 (base 11) to base 13
5ac58
Convert -3a096c (base 15) to base 4.
-22220103012
Convert 120021021100200 (base 3) to base 2.
11110111101001001001000
Convert -110101100011100101001 (base 2) to base 14.
-339797
What is 10011111100101110101100 (base 2) in base 16?
4fcbac
Convert 2891db (base 16) to base 11.
1556642
-10111010011110001101100 (base 2) to base 8
-27236154
203210 (base 13) to base 16
b6fd8
-100122222210 (base 3) to base 12
-92133
What is -33306727 (base 8) in base 3?
-111111202202010
What is 110bc1 (base 15) in base 10?
812656
Convert 175403 (base 9) to base 10.
108948
What is -110011111010101000 (base 2) in base 7?
-1543652
What is 4023301 (base 5) in base 12?
311a1
What is 5d755 (base 14) in base 12?
b077b
What is -331603 (base 8) in base 5?
-12031431
What is -11101000001110111 (base 2) in base 6?
-2314251
What is -203733 (base 8) in base 14?
-1a88b
What is 1621442 (base 7) in base 13?
7ab82
-18086433 (base 9) to base 12
-30654a9
109a0b (base 15) to base 10
792011
What is -22651 (base 15) in base 10?
-109426
Convert 24746613 (base 8) to base 14.
a2d6d5
Convert -111000100011001100 (base 2) to base 12.
-b2064
-14a07b (base 12) to base 10
-349151
Convert 1992de (base 16) to base 12.
689aa6
334a90 (base 12) to base 6
25303100
What is -1dbe2 (base 16) in base 4?
-131233202
What is -30402240 (base 5) in base 4?
-330112123
9c0b6c (base 16) to base 3
201020120011202
3533342 (base 7) to base 6
13313555
Convert -6650c (base 16) to base 13.
-1189a3
3955436 (base 12) to base 9
23247826
What is 3405322 (base 6) in base 10?
172274
Convert 111122201 (base 4) to base 16.
156a1
Convert 11011000111001011 (base 2) to base 7.
641523
Convert 3215896 (base 10) to base 11.
18a7172
350251 (base 7) to base 3
10011211001
-13289131 (base 10) to base 11
-7557359
What is bdd01 (base 15) in base 12?
251424
1717062 (base 8) to base 13
14631b
Convert -53221143 (base 7) to base 2.
-10001001100111100111101
178a37 (base 11) to base 14
72540
-1778837 (base 12) to base 9
-10170037
What is 2784a (base 11) in base 4?
21223011
-41819b (base 15) to base 3
-12212021122202
Convert 123001302010 (base 4) to base 3.
111022222001101
Convert -10200200110 (base 4) to base 9.
-2201007
What is 2112102011 (base 3) in base 2?
1100001011010001
Convert 10530351 (base 6) to base 12.
1369b7
What is 399840 (base 11) in base 4?
2121103021
What is -18b5c (base 13) in base 12?
-239a1
10ddff (base 16) to base 10
1105407
14464b0 (base 13) to base 16
624522
What is -573926 (base 14) in base 13?
-7cbc66
Convert -12431522 (base 6) to base 3.
-202202120012
What is 5262346 (base 8) in base 2?
101010110010011100110
-9be4a (base 15) to base 8
-1710542
Convert 12334444 (base 5) to base 4.
131212201
What is 26810 (base 13) in base 15?
1637e
What is -13100310313 (base 4) in base 15?
-2791d7
Convert 119ca (base 15) to base 12.
28647
Convert -121233 (base 4) to base 9.
-2230
What is 1210798 (base 11) in base 3?
10222011100200
Convert 12904 (base 10) to base 12.
7574
What is 1173 (base 13) in base 9?
3333
Convert 222436 (base 9) to base 8.
403653
38205a (base 12) to base 3
1201112101121
What is 3483208 (base 10) in base 7?
41415061
cbbb (base 13) to base 5
1402002
What is 7444777 (base 9) in base 5?
2010023310
1700b (base 13) to base 9
66254
1b87983 (base 12) to base 16
5a10b3
Convert 360f8b (base 16) to base 14.
68321d
What is -221211012121212 (base 3) in base 11?
-7823452
Convert 51de (base 16) to base 13.
9702
Convert -43031124 (base 5) to base 6.
-11425114
211133133 (base 4) to base 15
3077c
Convert a3fda (base 16) to base 7.
5465220
What is 11b050 (base 14) in base 11?
384739
What is -29509 (base 12) in base 14?
-17093
Convert -124432004 (base 6) to base 15.
-33952a
Convert -100300102321 (base 4) to base 13.
-baa1b6
2e5d6d (base 15) to base 9
4204764
1221741 (base 10) to base 16
12a46d
What is -3033121122 (base 4) in base 15?
-11ba83
What is 111613 (base 9) in base 4?
100110111
-22100010112 (base 3) to base 14
-43b4c
What is a80b1 (base 14) in base 13?
112bc4
26055612 (base 9) to base 8
60627353
Convert 5a9dd (base 16) to base 12.
15a965
What is -22421120 (base 5) in base 13?
-708a1
What is 1a0039 (base 12) in base 8?
1573055
729b1 (base 13) to base 16
324a2
1033312321 (base 4) to base 9
547621
-41123434 (base 5) to base 4
-1101103002
What is -3520112 (base 6) in base 10?
-181484
What is 36a9a53 (base 13) in base 12?
58469ba
What is -10011111021110 (base 3) in base 16?
-19ad2d
4a958 (base 13) to base 2
100001101001010000
-202716 (base 9) to base 4
-131111022
Convert -741656 (base 11) to base 7.
-13045446
Convert 106774 (base 16) to base 2.
100000110011101110100
3101242 (base 5) to base 10
50197
What is -413002152 (base 6) in base 14?
-d3b8b2
What is -1001010010001010100 (base 2) in base 16?
-4a454
47b4c (base 13) to base 11
8a918
What is 16c977 (base 16) in base 4?
11230211313
Convert 23a561 (base 11) to base 6.
12051143
What is 351745 (base 8) in base 16?
1d3e5
What is -9406 (base 12) in base 7?
-65016
What is -4332542 (base 6) in base 15?
-43838
10201001102012 (base 3) to base 7
22511330
Convert -131241132 (base 5) to base 12.
-273a86
What is -21021122110 (base 3) in base 9?
-237573
-154337b (base 12) to base 6
-232322235
-39015 (base 10) to base 11
-27349
What is -15998 (base 15) in base 9?
-115508
What is -a710c7 (base 16) in base 14?
-1650139
What is cb80d (base 14) in base 2?
1111000010011010101
-714549 (base 11) to base 16
-11844c
Convert -85058 (base 11) to base 3.
-20021212220
Convert -1828ac (base 16) to base 14.
-2d2dd2
What is 25211521 (base 7) in base 11?
1311a49
-126395 (base 14) to base 16
-9a41f
Convert ad445 (base 15) to base 13.
163ab7
Convert 527dad (base 14) to base 9.
5218203
Convert -1010020131 (base 5) to base 16.
-1f039d
What is -1026013 (base 7) in base 2?
-11110011001100111
What is -10df348 (base 16) in base 11?
-9a9394a
What is 178e0 (base 16) in base 11?
6653a
Convert 12132302 (base 6) to base 3.
201120202002
Convert -10021112200 (base 3) to base 10.
-64548
112112022111 (base 3) to base 15
59b17
What is -a6eb7 (base 15) in base 3?
-222220